v(y) = 3*y**3 - 28*y - 2*y**3 + 2*y**2 - 15 + 5. Calculate the remainder when d is divided by v(-6).
10
Suppose 76*s - 6536 = -10*s. What is the remainder when 645 is divided by s?
37
Suppose -2*s + 216 = 2*p, 336 = 3*s - 933*p + 934*p. Calculate the remainder when 7067 is divided by s.
113
Suppose 9*j - 137 = -101. Suppose 3*c - j*q - 551 = 0, -c + 0*q + 209 = 5*q. Calculate the remainder when c is divided by 16.
13
Let z(w) = -w**3 + 16*w**2 + 9*w - 22. What is the remainder when z(13) is divided by 200?
2
Suppose 5*m - 65 = l, -8 = -m + 3*l + 5. Suppose 9*f - m*f = 192. What is the remainder when 71 is divided by (-55)/22*f/5?
23
Suppose 0 = -147*x + 140*x + 217. What is the remainder when 959 is divided by x?
29
Suppose 14 = 10*a - 6. Suppose 4*w = -4*k + 236, -3*w + 5*k + 41 = -a*w. Calculate the remainder when w is divided by 15.
11
Calculate the remainder when (-21 - 4712/31)/(2 - 2 - 1) is divided by 21.
5
Suppose 5*a - 25*w = -27*w + 831, -5*a + 4*w + 843 = 0. Calculate the remainder when 341 is divided by a.
7
Suppose -2*v + 96 = -20. Suppose -3*t = -i + 218, -126*t + 456 = 2*i - 127*t. Calculate the remainder when i is divided by v.
56
Suppose 28*m - 983 = 3077. What is the remainder when 100 is divided by (-406)/m*45/(-6)?
16
Let g(h) = 8*h + 181. Let r(n) = -n**3 + 19*n**2 + 37*n + 85. Let z be r(21). What is the remainder when 80 is divided by g(z)?
17
Let c(b) be the first derivative of 15*b**2/2 + 139*b - 38. Calculate the remainder when c(-7) is divided by 33.
1
What is the remainder when ((-41)/3 + (-2)/(-3))/(168/(-5040)) is divided by 148?
94
Suppose -3*f - 3*n + 2831 = -2671, 5*f = 2*n + 9135. What is the remainder when f is divided by 61?
60
Let w(a) = 11*a - 72. Let n be w(-11). Let b = n + 239. What is the remainder when b is divided by 12?
10
Let u = -92 - -249. Let b(w) = -2*w**3 - 5*w**2 - 20*w - 49. Calculate the remainder when u is divided by b(-3).
17
Let o(u) = -4*u**2 + 38*u - 9. Let v be o(9). Let m(x) = 4*x**2 - 22*x + 18. What is the remainder when m(v) is divided by 49?
46
Let y(l) be the second derivative of l**5/20 - 17*l**4/12 - 10*l**3/3 + 47*l**2/2 + 31*l. Calculate the remainder when 681 is divided by y(18).
10
Let l(p) = 11*p + 125. Let s be l(-11). Suppose 3*n - 69 = s*c, 4*c - 30 + 80 = 2*n. Calculate the remainder when 34 is divided by n.
15
Suppose 0 = 31*c - 341 - 434. What is the remainder when 261 is divided by c?
11
Let a(h) = 16*h - 81. Let z(g) = 17*g - 78. Let b(j) = -7*a(j) + 6*z(j). Calculate the remainder when 70 is divided by b(4).
11
Suppose 2149 = 2*w - 3*j, -9*j + 8*j = -w + 1075. What is the remainder when w is divided by 153?
5
Let g(w) = -8*w - 9. Let c be g(-2). Let u be (-2)/(-11) - c/((-77)/460). Let n = 48 - u. What is the remainder when n is divided by 5?
1
Let j be 106/159 + (-106)/(-3). Calculate the remainder when 8/j + (-5658)/(-54) + -2 is divided by 13.
12
Suppose 0 = 6*b - b - 35. Let f = -4536 + 4572. Calculate the remainder when 46/9*b + 8/f is divided by 20.
16
Suppose 0*v - 30 = -6*v. Let f = 5 - 6. Calculate the remainder when v is divided by 8 + (0 - 5) - (f - -2).
1
Suppose -924*d - 2907 = -1247*d. Suppose -2*s - 9 = -5*s. Calculate the remainder when d is divided by s.
0
Let d = 71 + 62. Calculate the remainder when d is divided by 4 - (-19 + 4/3*-3).
25
Let v(y) = y + 61. Let m(x) = x**2 + 5*x + 2. What is the remainder when v(13) is divided by m(0)?
0
Let h = 67 - 97. Let z be (-6)/h*(-5)/(-1). Let v(s) = 25*s**3 + 3*s**2 - 2*s + 1. Calculate the remainder when 103 is divided by v(z).
22
Let b = -6647 - -7534. What is the remainder when b is divided by 442?
3
Let g(x) = 3*x + 22. Let v be g(5). Let i = v + 44. Let q = i - 59. What is the remainder when 87 is divided by q?
21
Suppose 4*g - 187 = -3*h, 0*g + h + 210 = 5*g. Let m be 26/(-117) + (-37534)/(-18). Suppose 39*w - 4545 = m. What is the remainder when w is divided by g?
41
Let f = 85 - 82. Suppose -5*a = 2*w - 1087, a - 231 = -f*w + 6*w. What is the remainder when a is divided by 37?
34
Suppose 14*c - 417 = -11. Let u = 21 - 4. What is the remainder when c is divided by u?
12
Calculate the remainder when ((-65)/(-5))/((-20)/(-440)) is divided by 42.
34
Let m = -489 + 575. Let z = 243 - 228. Calculate the remainder when m is divided by z.
11
Let v(w) = -w**2 + 5*w - 2. Let t be v(4). Suppose 0 = -3*h, 0 = -a - t*a + 5*h + 135. Calculate the remainder when a is divided by (-10)/2 - 6/(-12)*58.
21
Let a(y) = -y**3 - 4*y**2 + 2*y + 1. Calculate the remainder when 10/(-6) - 88/(-24)*13 is divided by a(-5).
14
Let n(r) = 6*r + 48. Let v be n(-8). Suppose v = -2*p + 10*p - 144. Let k(f) = 9*f - 7. What is the remainder when k(6) is divided by p?
11
Let k = 121 + -134. Calculate the remainder when 26 is divided by (-345)/(-39) + (-2)/k.
8
Let c(h) = h**3 + 117*h**2 - 15*h - 1569. Calculate the remainder when c(-117) is divided by 26.
4
Let l = -34 - -104. What is the remainder when (-3)/(-2) - (-23236)/296 is divided by l?
10
Suppose -g - 2*b = -10, -2*g - 3*b + 22 = 7. Suppose g = -3*m + 129. What is the remainder when m is divided by 28?
15
Suppose -l - 1105 = -w, -2*w + 5*l = -7*w + 5515. Calculate the remainder when w is divided by 158.
156
Suppose -5*i - 20 = -8*i + h, 4*i = 5*h + 23. Let w(z) = -2*z**2 - 22*z - 2. What is the remainder when w(-9) is divided by i?
6
Let f = -37929 - -37934. Calculate the remainder when 5957 is divided by f.
2
Suppose -13*c - 290 = -329. Let m(q) = 4*q**3 - 4*q**2 - 9*q - 7. Calculate the remainder when 379 is divided by m(c).
37
Let n(f) = 2*f**3 - 6*f**2 + 4*f - 27. Let i be n(6). Let s = 261 - i. Calculate the remainder when s is divided by 27.
21
Suppose -5*i - 5 = 0, -186*i = -3*s - 187*i + 125. Calculate the remainder when 17932 is divided by s.
40
Let k be (-13)/1 + (5 - 4). Let g(m) = m**2 + 11*m + 1. What is the remainder when g(-16) is divided by (17/2)/((-6)/k)?
13
Let c(m) = 4*m**3 - 2*m + 2. Let k = -46 - -52. Calculate the remainder when c(3) is divided by (-63)/k*(-6 - -4).
20
Suppose 0*y = -3*y + 48. Let f be (-20)/110 - 9576/(-33). Suppose 6*m + 4*m = f. Calculate the remainder when m is divided by y.
13
What is the remainder when 385 is divided by (-2)/4 - 1197/(-6)*11/33?
55
Let t = -1551 - -1671. Calculate the remainder when 414 is divided by t.
54
Let j = 1160 + -1156. Let x = -27 + 78. Suppose -j*n - 8 = -2*n, -5*k = n - x. Calculate the remainder when 29 is divided by k.
7
Suppose -9*r - 64668 = -64722. What is the remainder when 3857 is divided by r?
5
Let s(p) = -p**3 + 12*p**2 + 104*p + 35. What is the remainder when 66 is divided by s(-6)?
7
Let c be (1 + 0)/((-3)/(-6)). Suppose -1226*t + 2462*t + 1107 = 1263*t. Calculate the remainder when 2 + (c - 3) - -77 is divided by t.
37
Suppose 5*p = -254 - 1. Let h = -33 - p. Let l = -577 + 629. Calculate the remainder when l is divided by h.
16
Let t(f) = -f**3 + 10*f**2 - 19*f - 10. Let y be t(7). Suppose -y*i - v + 344 = 0, -2*i = -v + 88 - 266. Calculate the remainder when i is divided by 11.
10
Let q(d) = 4*d**2 + 21*d + 8. Let a be q(-5). Suppose -3*c + 219 = a*r, 4*c = 2*r + 120 + 154. What is the remainder when c is divided by 36?
34
Let b = 4 + 0. Let s be 7 + -10 + b/(12/441). Let a = -77 + s. Calculate the remainder when a is divided by 18.
13
Let n = 884 + -522. Let w = -291 + n. What is the remainder when w is divided by 20 + (-1 - 1/1)?
17
Suppose 6*a - 210 - 1428 = 0. What is the remainder when a is divided by 92?
89
Let m(t) = t**3 + 3*t. Suppose 0*b = u + 2*b - 18, 5*u = -5*b + 110. Calculate the remainder when u is divided by m(2).
12
Let c(y) = -2*y**3 + 15*y**2 + 19*y - 20. Let a be c(9). Let g = 99 - a. Calculate the remainder when g is divided by 25.
16
Let c(h) = -5*h**2 + 6*h - 4. Suppose -7*o - 3*o + 50 = 0. Let m be c(o). Let g = m - -178. Calculate the remainder when g is divided by 20.
19
Let h(p) = 119*p - 647. What is the remainder when h(34) is divided by 179?
177
Let m(a) = a**2 + 17*a + 73. Suppose 0 = -4*j + 2*z - 646, -5*j + 8*j + 488 = -2*z. Calculate the remainder when j/(-12)*(-2)/(-3) is divided by m(-10).
0
Let f = 24 - 22. Let n be (-1 + 24 - f) + -3. Calculate the remainder when 61 is divided by 4*3/(-6) + 1*n.
13
Let d(l) = 4*l**2 - l. Let v be (6/4)/(-1)*6